en 252049 is divided by 2?
1
What is the remainder when 568401 is divided by 223?
197
What is the remainder when 5451965 is divided by 43?
38
Calculate the remainder when 1263703 is divided by 157952.
87
Calculate the remainder when 85767 is divided by 1182.
663
Calculate the remainder when 4370113 is divided by 296.
265
What is the remainder when 138049 is divided by 46006?
31
What is the remainder when 1419123 is divided by 1337?
566
Calculate the remainder when 2017640 is divided by 100.
40
Calculate the remainder when 312514973 is divided by 32.
29
Calculate the remainder when 8608320 is divided by 860831.
10
Calculate the remainder when 4952799 is divided by 740.
719
What is the remainder when 153490 is divided by 11069?
9593
What is the remainder when 212957 is divided by 3125?
457
Calculate the remainder when 526066 is divided by 187.
35
Calculate the remainder when 144252 is divided by 224.
220
What is the remainder when 1025104 is divided by 163?
160
What is the remainder when 17842805 is divided by 734?
733
What is the remainder when 39006 is divided by 19467?
72
Calculate the remainder when 38549 is divided by 247.
17
Calculate the remainder when 147228 is divided by 24515.
138
What is the remainder when 396350 is divided by 924?
878
Calculate the remainder when 19670456 is divided by 6.
2
What is the remainder when 280032 is divided by 69999?
36
What is the remainder when 1637680 is divided by 818839?
2
Calculate the remainder when 118615 is divided by 118614.
1
Calculate the remainder when 3703476 is divided by 3.
0
Calculate the remainder when 311242 is divided by 154686.
1870
Calculate the remainder when 519399 is divided by 167.
29
Calculate the remainder when 19701582 is divided by 3940294.
112
What is the remainder when 314951350 is divided by 403?
402
What is the remainder when 181413984 is divided by 17?
14
What is the remainder when 5269263 is divided by 330?
153
Calculate the remainder when 563409784 is divided by 140852446.
0
What is the remainder when 328040 is divided by 327835?
205
Calculate the remainder when 97439196 is divided by 475313.
31
Calculate the remainder when 271387 is divided by 2713.
87
What is the remainder when 673037541 is divided by 59?
56
What is the remainder when 8799431 is divided by 17?
10
What is the remainder when 34399679 is divided by 240?
239
Calculate the remainder when 3259551 is divided by 271629.
3
Calculate the remainder when 16804336 is divided by 6194.
14
Calculate the remainder when 4436783 is divided by 546.
533
Calculate the remainder when 77607 is divided by 5468.
1055
Calculate the remainder when 123570 is divided by 1819.
1697
Calculate the remainder when 49107055 is divided by 108.
103
What is the remainder when 290346 is divided by 96?
42
Calculate the remainder when 2327934 is divided by 34233.
90
Calculate the remainder when 12184639 is divided by 812309.
4
What is the remainder when 824845 is divided by 274911?
112
What is the remainder when 258990753 is divided by 389?
388
What is the remainder when 35913 is divided by 35539?
374
Calculate the remainder when 1850878 is divided by 5231.
4335
Calculate the remainder when 922451 is divided by 97.
78
What is the remainder when 542472 is divided by 108?
96
Calculate the remainder when 1039800 is divided by 891.
3
Calculate the remainder when 6593299 is divided by 659324.
59
What is the remainder when 8002748 is divided by 48?
44
What is the remainder when 4758831 is divided by 207?
108
Calculate the remainder when 116751589 is divided by 7910.
7899
What is the remainder when 1661005 is divided by 2414?
173
Calculate the remainder when 13816078 is divided by 124.
122
What is the remainder when 1399088 is divided by 163?
59
Calculate the remainder when 301224 is divided by 9404.
296
Calculate the remainder when 452443 is divided by 7540.
43
Calculate the remainder when 5330432 is divided by 1184.
64
Calculate the remainder when 509217 is divided by 127294.
41
What is the remainder when 1348222 is divided by 78?
70
What is the remainder when 2084683 is divided by 6?
1
Calculate the remainder when 13411947 is divided by 19.
18
Calculate the remainder when 5076716 is divided by 56406.
176
Calculate the remainder when 486745 is divided by 20261.
481
Calculate the remainder when 1514197 is divided by 378333.
865
What is the remainder when 658290 is divided by 1019?
16
What is the remainder when 50458209 is divided by 19407?
9
Calculate the remainder when 3407384 is divided by 1135791.
11
What is the remainder when 4720433 is divided by 7163?
16
What is the remainder when 1471571440 is divided by 6039?
6037
Calculate the remainder when 1888618 is divided by 612.
598
Calculate the remainder when 270187 is divided by 89874.
565
Calculate the remainder when 1343455492 is divided by 14399.
14393
Calculate the remainder when 1785601 is divided by 2036.
29
Calculate the remainder when 8641815 is divided by 214.
67
What is the remainder when 25110161 is divided by 891?
890
What is the remainder when 169399078 is divided by 27?
25
What is the remainder when 1548880 is divided by 128?
80
Calculate the remainder when 280496 is divided by 3016.
8
What is the remainder when 60188 is divided by 11603?
2173
What is the remainder when 3629917 is divided by 263?
254
Calculate the remainder when 1821165 is divided by 1820133.
1032
Calculate the remainder when 48140449 is divided by 19.
16
Calculate the remainder when 12778944 is divided by 1065.
9
What is the remainder when 140648 is divided by 15615?
113
What is the remainder when 2014108 is divided by 98?
12
What is the remainder when 18060446 is divided by 4075?
46
Calculate the remainder when 34607212 is divided by 40.
12
Calculate the remainder when 2796788 is divided by 3603.
860
Calculate the remainder when 16680283 is divided by 110.
103
Calculate the remainder when 1348449 is divided by 673991.
467
What is the remainder when 1809380 is divided by 5744?
20
Calculate the remainder when 267827 is divided by 53500.
327
What is the remainder when 1564315 is divided by 1564287?
28
What is the remainder when 3447809 is divided by 8348?
85
What is the remainder when 6953423 is divided by 23178?
23
What is the remainder when 21779550 is divided by 506501?
7
Calculate the remainder when 8826709 is divided by 12345.
34
Calculate the remainder when 16571095 is divided by 1688.
1687
What is the remainder when 296861 is divided by 60?
41
What is the remainder when 917492 is divided by 176?
4
Calculate the remainder when 46336707 is divided by 74.
53
What is the remainder when 38434244 is divided by 28?
16
What is the remainder when 1533298219 is divided by 1547?
1545
Calculate the remainder when 1048705 is divided by 11.
9
What is the remainder when 127702 is divided by 42539?
85
Calculate the remainder when 56207620 is divided by 4625.
4620
What is the remainder when 3968340 is divided by 72?
60
Calculate the remainder when 3298484 is divided by 369.
362
Calculate the remainder when 4635874 is divided by 372.
10
Calculate the remainder when 33560575 is divided by 671211.
25
What is the remainder when 17025208 is divided by 470?
398
Calculate the remainder when 464216828 is divided by 2936.
2932
Calculate the remainder when 131604153 is divided by 239.
237
Calculate the remainder when 106342 is divided by 1763.
562
Calculate the remainder when 70989733 is divided by 719.
706
Calculate the remainder when 1151730 is divided by 164488.
314
Calculate the remainder when 1589540 is divided by 35.
15
What is the remainder when 68248778 is divided by 21763?
10
Calculate the remainder when 63224 is divided by 1809.
1718
Calculate the remainder when 6541315 is divided by 145362.
25
What is the remainder when 9903331 is divided by 22?
9
What is the remainder when 44733200 is divided by 1597614?
8
What is the remainder when 796739 is divided by 42?
41
What is the remainder when 1302040 is divided by 792?
784
What is the remainder when 44688 is divided by 806?
358
Calculate the remainder when 1344342 is divided by 1396.
1390
Calculate the remainder when 1845759 is divided by 4.
3
What is the remainder when 183547 is divided by 182?
91
Calculate the remainder when 21492588 is divided by 103.
93
Calculate the remai